{"id":16,"date":"2017-12-19T08:25:48","date_gmt":"2017-12-19T08:25:48","guid":{"rendered":"http:\/\/aiclu2018.cla.unipd.it\/?page_id=16"},"modified":"2023-09-12T09:06:00","modified_gmt":"2023-09-12T09:06:00","slug":"registration","status":"publish","type":"page","link":"https:\/\/aiclu2023.cla.unipd.it\/?page_id=16","title":{"rendered":"Iscrizioni"},"content":{"rendered":"\n<p class=\"has-text-align-right\"><strong><a href=\"https:\/\/aiclu2023.cla.unipd.it\/?page_id=3748\" target=\"_blank\" rel=\"noreferrer noopener\">English version<\/a><\/strong><\/p>\n\n\n\n<h1 class=\"wp-block-heading\">Iscrizione seminario<\/h1>\n\n\n\n<p><strong><a href=\"https:\/\/aiclu2023.cla.unipd.it\/?page_id=3748\" target=\"_blank\" rel=\"noreferrer noopener\">English version<\/a><\/strong><\/p>\n\n\n\n<p><strong>Quota di iscrizione:&nbsp;<\/strong>80 Euro<\/p>\n\n\n\n<ul class=\"wp-block-list\">\n<li><strong>Apertura iscrizioni:<\/strong>&nbsp;1 giugno<\/li>\n<\/ul>\n\n\n\n<p><strong>Scadenza iscrizioni:<\/strong>&nbsp;10 SETTEMBRE<\/p>\n\n\n\n<p><strong>Cosa comprende la quota di iscrizione:<\/strong>&nbsp;la quota comprende la partecipazione ai lavori, coffee break e pranzo del 22 settembre.&nbsp; Nella quota di partecipazione non \u00e8 compresa la&nbsp;cena sociale o aperitivo rinforzato, che si terr\u00e0 gioved\u00ec 21 settembre (ulteriori dettagli e il costo saranno definiti nelle prossime settimane).<\/p>\n\n\n\n<p><strong>Personale UNIPD<\/strong>: la sola partecipazione ai lavori del seminario \u00e8 gratuita per il personale dell\u2019Ateneo di Padova. E\u2019 comunque necessario compilare il form d\u2019iscrizione entro le scadenze indicate. Chi fosse interessato al pranzo del 22 settembre dovr\u00e0 prenotarsi entro il 10 settembre utilizzando il form \u201ccontatti\u201d (percorso: Info generali\/Contatti).<\/p>\n\n\n\n<p><strong>ISTRUZIONI<\/strong>&nbsp;per la compilazione del form:<\/p>\n\n\n\n<ul class=\"wp-block-list\">\n<li>Se il pagamento viene effettuato direttamente dal partecipante con carta di credito, cliccare su&nbsp;<strong>modalit\u00e0 \u201cPagoPA<\/strong>&nbsp;\u201c e poi seguire le istruzioni che verranno inviate via mail. Il pagamento potr\u00e0 essere effettuato subito dopo il ricevimento cliccando su \u201cAvviso di pagamento\u201d oppure su \u201cPagamento immediato\u201d.<\/li>\n\n\n\n<li>Se il pagamento viene effettuato dalla struttura di appartenenza cliccare su modalit\u00e0 \u201c<strong>Pagamento tra enti pubblici<\/strong>\u201d e seguire le istruzioni che saranno inviate via mail.<\/li>\n<\/ul>\n\n\n\n<p><strong>LE ISCRIZIONI SONO CHIUSE<\/strong><\/p>\n\n\n\n<p>La spunta \u201cCena sociale\u201d all\u2019interno del form d\u2019iscrizione al seminario non \u00e8 vincolante e non viene conteggiata.&nbsp;<strong>CHI VUOLE PARTECIPARE ALLA SERATA DEL 21 SETTEMBRE DEVE COMPILARE IL&nbsp;<a href=\"https:\/\/aiclu2023.cla.unipd.it\/?page_id=129\" target=\"_blank\" rel=\"noreferrer noopener\">FORM APERICENA<\/a><\/strong>&nbsp;entro la stessa scadenza, 10 settembre. Il costo dell&#8217;apericena non \u00e8 compreso nella quota di iscrizione e dovr\u00e0 essere pagato a parte.<\/p>\n\n\n\n<p><strong>L\u2019iscrizione viene considerata definitiva solo al ricevimento del pagamento entro le scadenze indicate.<\/strong><\/p>\n\n\n\n<p>Eventuali rinunce dovranno pervenire entro e non oltre il 10 settembre. Dalla quota verranno in ogni caso trattenute le spese di segreteria\/amministrazione. Dopo il 10 settembre non sar\u00e0 pi\u00f9 possibile richiedere la restituzione della quota, salvo casi eccezionali da valutarsi a discrezione del CLA.<\/p>\n\n\n\n<p><\/p>\n","protected":false},"excerpt":{"rendered":"<p>English version Iscrizione seminario English version Quota di iscrizione:&nbsp;80 Euro Scadenza iscrizioni:&nbsp;10 SETTEMBRE Cosa comprende la quota di iscrizione:&nbsp;la quota&hellip; <\/p>\n","protected":false},"author":1,"featured_media":0,"parent":0,"menu_order":0,"comment_status":"closed","ping_status":"closed","template":"","meta":{"footnotes":""},"class_list":["post-16","page","type-page","status-publish","hentry"],"yoast_head":"<!-- This site is optimized with the Yoast SEO plugin v20.7 - https:\/\/yoast.com\/wordpress\/plugins\/seo\/ -->\n<title>Iscrizioni - XXVII SEMINARIO AICLU<\/title>\n<meta name=\"robots\" content=\"index, follow, max-snippet:-1, max-image-preview:large, max-video-preview:-1\" \/>\n<link rel=\"canonical\" href=\"https:\/\/aiclu2023.cla.unipd.it\/?page_id=16\" \/>\n<meta property=\"og:locale\" content=\"it_IT\" \/>\n<meta property=\"og:type\" content=\"article\" \/>\n<meta property=\"og:title\" content=\"Iscrizioni - XXVII SEMINARIO AICLU\" \/>\n<meta property=\"og:description\" content=\"English version Iscrizione seminario English version Quota di iscrizione:&nbsp;80 Euro Scadenza iscrizioni:&nbsp;10 SETTEMBRE Cosa comprende la quota di iscrizione:&nbsp;la quota&hellip;\" \/>\n<meta property=\"og:url\" content=\"https:\/\/aiclu2023.cla.unipd.it\/?page_id=16\" \/>\n<meta property=\"og:site_name\" content=\"XXVII SEMINARIO AICLU\" \/>\n<meta property=\"article:modified_time\" content=\"2023-09-12T09:06:00+00:00\" \/>\n<meta name=\"twitter:card\" content=\"summary_large_image\" \/>\n<meta name=\"twitter:label1\" content=\"Tempo di lettura stimato\" \/>\n\t<meta name=\"twitter:data1\" content=\"2 minuti\" \/>\n<script type=\"application\/ld+json\" class=\"yoast-schema-graph\">{\"@context\":\"https:\/\/schema.org\",\"@graph\":[{\"@type\":\"WebPage\",\"@id\":\"https:\/\/aiclu2023.cla.unipd.it\/?page_id=16\",\"url\":\"https:\/\/aiclu2023.cla.unipd.it\/?page_id=16\",\"name\":\"Iscrizioni - XXVII SEMINARIO AICLU\",\"isPartOf\":{\"@id\":\"https:\/\/aiclu2023.cla.unipd.it\/#website\"},\"datePublished\":\"2017-12-19T08:25:48+00:00\",\"dateModified\":\"2023-09-12T09:06:00+00:00\",\"breadcrumb\":{\"@id\":\"https:\/\/aiclu2023.cla.unipd.it\/?page_id=16#breadcrumb\"},\"inLanguage\":\"it-IT\",\"potentialAction\":[{\"@type\":\"ReadAction\",\"target\":[\"https:\/\/aiclu2023.cla.unipd.it\/?page_id=16\"]}]},{\"@type\":\"BreadcrumbList\",\"@id\":\"https:\/\/aiclu2023.cla.unipd.it\/?page_id=16#breadcrumb\",\"itemListElement\":[{\"@type\":\"ListItem\",\"position\":1,\"name\":\"Home\",\"item\":\"https:\/\/aiclu2023.cla.unipd.it\/\"},{\"@type\":\"ListItem\",\"position\":2,\"name\":\"Iscrizioni\"}]},{\"@type\":\"WebSite\",\"@id\":\"https:\/\/aiclu2023.cla.unipd.it\/#website\",\"url\":\"https:\/\/aiclu2023.cla.unipd.it\/\",\"name\":\"XXVII SEMINARIO AICLU\",\"description\":\"Padova, 21-22 settembre 2023\",\"publisher\":{\"@id\":\"https:\/\/aiclu2023.cla.unipd.it\/#organization\"},\"potentialAction\":[{\"@type\":\"SearchAction\",\"target\":{\"@type\":\"EntryPoint\",\"urlTemplate\":\"https:\/\/aiclu2023.cla.unipd.it\/?s={search_term_string}\"},\"query-input\":\"required name=search_term_string\"}],\"inLanguage\":\"it-IT\"},{\"@type\":\"Organization\",\"@id\":\"https:\/\/aiclu2023.cla.unipd.it\/#organization\",\"name\":\"Centro Linguistico dell'Ateneo di Padova\",\"alternateName\":\"CLA\",\"url\":\"https:\/\/aiclu2023.cla.unipd.it\/\",\"logo\":{\"@type\":\"ImageObject\",\"inLanguage\":\"it-IT\",\"@id\":\"https:\/\/aiclu2023.cla.unipd.it\/#\/schema\/logo\/image\/\",\"url\":\"https:\/\/aiclu2023.cla.unipd.it\/wp-content\/uploads\/2023\/05\/Schermata-2023-05-16-alle-10.56.28.png\",\"contentUrl\":\"https:\/\/aiclu2023.cla.unipd.it\/wp-content\/uploads\/2023\/05\/Schermata-2023-05-16-alle-10.56.28.png\",\"width\":419,\"height\":380,\"caption\":\"Centro Linguistico dell'Ateneo di Padova\"},\"image\":{\"@id\":\"https:\/\/aiclu2023.cla.unipd.it\/#\/schema\/logo\/image\/\"}}]}<\/script>\n<!-- \/ Yoast SEO plugin. -->","yoast_head_json":{"title":"Iscrizioni - XXVII SEMINARIO AICLU","robots":{"index":"index","follow":"follow","max-snippet":"max-snippet:-1","max-image-preview":"max-image-preview:large","max-video-preview":"max-video-preview:-1"},"canonical":"https:\/\/aiclu2023.cla.unipd.it\/?page_id=16","og_locale":"it_IT","og_type":"article","og_title":"Iscrizioni - XXVII SEMINARIO AICLU","og_description":"English version Iscrizione seminario English version Quota di iscrizione:&nbsp;80 Euro Scadenza iscrizioni:&nbsp;10 SETTEMBRE Cosa comprende la quota di iscrizione:&nbsp;la quota&hellip;","og_url":"https:\/\/aiclu2023.cla.unipd.it\/?page_id=16","og_site_name":"XXVII SEMINARIO AICLU","article_modified_time":"2023-09-12T09:06:00+00:00","twitter_card":"summary_large_image","twitter_misc":{"Tempo di lettura stimato":"2 minuti"},"schema":{"@context":"https:\/\/schema.org","@graph":[{"@type":"WebPage","@id":"https:\/\/aiclu2023.cla.unipd.it\/?page_id=16","url":"https:\/\/aiclu2023.cla.unipd.it\/?page_id=16","name":"Iscrizioni - XXVII SEMINARIO AICLU","isPartOf":{"@id":"https:\/\/aiclu2023.cla.unipd.it\/#website"},"datePublished":"2017-12-19T08:25:48+00:00","dateModified":"2023-09-12T09:06:00+00:00","breadcrumb":{"@id":"https:\/\/aiclu2023.cla.unipd.it\/?page_id=16#breadcrumb"},"inLanguage":"it-IT","potentialAction":[{"@type":"ReadAction","target":["https:\/\/aiclu2023.cla.unipd.it\/?page_id=16"]}]},{"@type":"BreadcrumbList","@id":"https:\/\/aiclu2023.cla.unipd.it\/?page_id=16#breadcrumb","itemListElement":[{"@type":"ListItem","position":1,"name":"Home","item":"https:\/\/aiclu2023.cla.unipd.it\/"},{"@type":"ListItem","position":2,"name":"Iscrizioni"}]},{"@type":"WebSite","@id":"https:\/\/aiclu2023.cla.unipd.it\/#website","url":"https:\/\/aiclu2023.cla.unipd.it\/","name":"XXVII SEMINARIO AICLU","description":"Padova, 21-22 settembre 2023","publisher":{"@id":"https:\/\/aiclu2023.cla.unipd.it\/#organization"},"potentialAction":[{"@type":"SearchAction","target":{"@type":"EntryPoint","urlTemplate":"https:\/\/aiclu2023.cla.unipd.it\/?s={search_term_string}"},"query-input":"required name=search_term_string"}],"inLanguage":"it-IT"},{"@type":"Organization","@id":"https:\/\/aiclu2023.cla.unipd.it\/#organization","name":"Centro Linguistico dell'Ateneo di Padova","alternateName":"CLA","url":"https:\/\/aiclu2023.cla.unipd.it\/","logo":{"@type":"ImageObject","inLanguage":"it-IT","@id":"https:\/\/aiclu2023.cla.unipd.it\/#\/schema\/logo\/image\/","url":"https:\/\/aiclu2023.cla.unipd.it\/wp-content\/uploads\/2023\/05\/Schermata-2023-05-16-alle-10.56.28.png","contentUrl":"https:\/\/aiclu2023.cla.unipd.it\/wp-content\/uploads\/2023\/05\/Schermata-2023-05-16-alle-10.56.28.png","width":419,"height":380,"caption":"Centro Linguistico dell'Ateneo di Padova"},"image":{"@id":"https:\/\/aiclu2023.cla.unipd.it\/#\/schema\/logo\/image\/"}}]}},"_links":{"self":[{"href":"https:\/\/aiclu2023.cla.unipd.it\/index.php?rest_route=\/wp\/v2\/pages\/16","targetHints":{"allow":["GET"]}}],"collection":[{"href":"https:\/\/aiclu2023.cla.unipd.it\/index.php?rest_route=\/wp\/v2\/pages"}],"about":[{"href":"https:\/\/aiclu2023.cla.unipd.it\/index.php?rest_route=\/wp\/v2\/types\/page"}],"author":[{"embeddable":true,"href":"https:\/\/aiclu2023.cla.unipd.it\/index.php?rest_route=\/wp\/v2\/users\/1"}],"replies":[{"embeddable":true,"href":"https:\/\/aiclu2023.cla.unipd.it\/index.php?rest_route=%2Fwp%2Fv2%2Fcomments&post=16"}],"version-history":[{"count":35,"href":"https:\/\/aiclu2023.cla.unipd.it\/index.php?rest_route=\/wp\/v2\/pages\/16\/revisions"}],"predecessor-version":[{"id":4230,"href":"https:\/\/aiclu2023.cla.unipd.it\/index.php?rest_route=\/wp\/v2\/pages\/16\/revisions\/4230"}],"wp:attachment":[{"href":"https:\/\/aiclu2023.cla.unipd.it\/index.php?rest_route=%2Fwp%2Fv2%2Fmedia&parent=16"}],"curies":[{"name":"wp","href":"https:\/\/api.w.org\/{rel}","templated":true}]}}